{"id":7036,"date":"2018-03-23T09:18:56","date_gmt":"2018-03-23T13:18:56","guid":{"rendered":"https:\/\/www.entreprisesmarechal.com\/?page_id=7036"},"modified":"2026-04-28T15:24:25","modified_gmt":"2026-04-28T19:24:25","slug":"bois-composite-et-charpente","status":"publish","type":"page","link":"https:\/\/www.entreprisesmarechal.com\/fr\/amenagement-paysager-residentiel\/bois-composite-et-charpente\/","title":{"rendered":"Bois, composite et charpente"},"content":{"rendered":"<div id=\"pl-7036\"  class=\"panel-layout\" ><div id=\"pg-7036-0\"  class=\"panel-grid panel-has-style\" ><div class=\"black-bg siteorigin-panels-stretch panel-row-style panel-row-style-for-7036-0\" data-stretch-type=\"full\" ><div id=\"pgc-7036-0-0\"  class=\"panel-grid-cell\" ><div id=\"panel-7036-0-0-0\" class=\"so-panel widget widget_siteorigin-panels-builder panel-first-child panel-last-child\" data-index=\"0\" ><div class=\"white-bg panel-widget-style panel-widget-style-for-7036-0-0-0\" ><div id=\"pl-w69f1096959a0f\"  class=\"panel-layout\" ><div id=\"pg-w69f1096959a0f-0\"  class=\"panel-grid panel-has-style\" ><div class=\"white-bg panel-row-style panel-row-style-for-w69f1096959a0f-0\" ><div id=\"pgc-w69f1096959a0f-0-0\"  class=\"panel-grid-cell\" ><div id=\"panel-w69f1096959a0f-0-0-0\" class=\"so-panel widget widget_black-studio-tinymce widget_black_studio_tinymce panel-first-child panel-last-child\" data-index=\"0\" ><div class=\"textwidget\"><div class=\"addthis_inline_share_toolbox\"><\/div>\n<h2>Bois, composite et charpente<\/h2>\n<p>Nous avons \u00e9galement une \u00e9quipe de charpentiers qualifi\u00e9s pr\u00eats \u00e0 construire ou r\u00e9parer vos structures faites de bois. Ces professionnels travaillent ais\u00e9ment plusieurs types de bois et utilisent \u00e9galement des mat\u00e9riaux tendance tel que le composite : Trex et Timbertech. Nous sommes d'ailleurs form\u00e9s et accr\u00e9dit\u00e9s pour l'installation de composite.\nNous offrons la construction, la r\u00e9paration et l\u2019installation de cl\u00f4tures, de gazebos, de pergolas, de patios, tous personnalis\u00e9s selon votre imagination.<\/p>\n<a href='https:\/\/www.entreprisesmarechal.com\/fr\/soumission-en-ligne\/?service=7036' class='btn btn-primary'>Obtenez une soumission ><\/a><\/div><\/div><\/div><div id=\"pgc-w69f1096959a0f-0-1\"  class=\"panel-grid-cell\" ><div id=\"panel-w69f1096959a0f-0-1-0\" class=\"so-panel widget widget_black-studio-tinymce widget_black_studio_tinymce panel-first-child panel-last-child\" data-index=\"1\" ><div class=\"black-border panel-widget-style panel-widget-style-for-w69f1096959a0f-0-1-0\" ><div class=\"textwidget\"><img loading=\"lazy\" decoding=\"async\" width=\"848\" height=\"480\" src=\"https:\/\/www.entreprisesmarechal.com\/wp-content\/uploads\/2018\/03\/media-5-848x480.jpg\" class=\"attachment-post-thumbnail size-post-thumbnail wp-post-image\" alt=\"\" srcset=\"https:\/\/www.entreprisesmarechal.com\/wp-content\/uploads\/2018\/03\/media-5-848x480.jpg 848w, https:\/\/www.entreprisesmarechal.com\/wp-content\/uploads\/2018\/03\/media-5-360x203.jpg 360w\" sizes=\"(max-width: 848px) 100vw, 848px\" \/><\/div><\/div><\/div><\/div><\/div><\/div><\/div><\/div><\/div><\/div><\/div><\/div><\/div>","protected":false},"excerpt":{"rendered":"<p>Bois, composite et charpente Nous avons \u00e9galement une \u00e9quipe de charpentiers qualifi\u00e9s pr\u00eats \u00e0 construire ou r\u00e9parer vos structures faites de bois. Ces professionnels travaillent ais\u00e9ment plusieurs types de bois et utilisent \u00e9galement des mat\u00e9riaux tendance tel que le composite : Trex et Timbertech. Nous sommes d&rsquo;ailleurs form\u00e9s et accr\u00e9dit\u00e9s pour l&rsquo;installation de composite. Nous [&hellip;]<\/p>\n","protected":false},"author":1,"featured_media":9559,"parent":6827,"menu_order":6,"comment_status":"closed","ping_status":"closed","template":"","meta":{"footnotes":""},"acf":[],"yoast_head":"<!-- This site is optimized with the Yoast SEO plugin v21.5 - https:\/\/yoast.com\/wordpress\/plugins\/seo\/ -->\n<title>Les Entreprises Mar\u00e9chal et associ\u00e9s | Bois et charpente pour votre am\u00e9nagement paysager \u00e0 Gatineau, Outaouais<\/title>\n<meta name=\"description\" content=\"Les Entreprises Mar\u00e9chal et associ\u00e9s | Nos charpentiers ont la solution pour la construction, la r\u00e9paration et l&#039;installation de structures de bois \u00e0 Gatineau, en Outaouais\" \/>\n<meta name=\"robots\" content=\"index, follow, max-snippet:-1, max-image-preview:large, max-video-preview:-1\" \/>\n<link rel=\"canonical\" href=\"https:\/\/www.entreprisesmarechal.com\/fr\/amenagement-paysager-residentiel\/bois-composite-et-charpente\/\" \/>\n<meta property=\"og:locale\" content=\"fr_FR\" \/>\n<meta property=\"og:type\" content=\"article\" \/>\n<meta property=\"og:title\" content=\"Les Entreprises Mar\u00e9chal et associ\u00e9s | Bois et charpente pour votre am\u00e9nagement paysager \u00e0 Gatineau, Outaouais\" \/>\n<meta property=\"og:description\" content=\"Les Entreprises Mar\u00e9chal et associ\u00e9s | Nos charpentiers ont la solution pour la construction, la r\u00e9paration et l&#039;installation de structures de bois \u00e0 Gatineau, en Outaouais\" \/>\n<meta property=\"og:url\" content=\"https:\/\/www.entreprisesmarechal.com\/fr\/amenagement-paysager-residentiel\/bois-composite-et-charpente\/\" \/>\n<meta property=\"og:site_name\" content=\"Les Entreprises Mar\u00e9chal et associ\u00e9s\" \/>\n<meta property=\"article:modified_time\" content=\"2026-04-28T19:24:25+00:00\" \/>\n<meta property=\"og:image\" content=\"https:\/\/www.entreprisesmarechal.com\/wp-content\/uploads\/2018\/03\/media-5.jpg\" \/>\n\t<meta property=\"og:image:width\" content=\"1260\" \/>\n\t<meta property=\"og:image:height\" content=\"840\" \/>\n\t<meta property=\"og:image:type\" content=\"image\/jpeg\" \/>\n<meta name=\"twitter:card\" content=\"summary_large_image\" \/>\n<meta name=\"twitter:label1\" content=\"Dur\u00e9e de lecture estim\u00e9e\" \/>\n\t<meta name=\"twitter:data1\" content=\"1 minute\" \/>\n<script type=\"application\/ld+json\" class=\"yoast-schema-graph\">{\"@context\":\"https:\/\/schema.org\",\"@graph\":[{\"@type\":\"WebPage\",\"@id\":\"https:\/\/www.entreprisesmarechal.com\/fr\/amenagement-paysager-residentiel\/bois-composite-et-charpente\/\",\"url\":\"https:\/\/www.entreprisesmarechal.com\/fr\/amenagement-paysager-residentiel\/bois-composite-et-charpente\/\",\"name\":\"Les Entreprises Mar\u00e9chal et associ\u00e9s | Bois et charpente pour votre am\u00e9nagement paysager \u00e0 Gatineau, Outaouais\",\"isPartOf\":{\"@id\":\"https:\/\/www.entreprisesmarechal.com\/fr\/#website\"},\"datePublished\":\"2018-03-23T13:18:56+00:00\",\"dateModified\":\"2026-04-28T19:24:25+00:00\",\"description\":\"Les Entreprises Mar\u00e9chal et associ\u00e9s | Nos charpentiers ont la solution pour la construction, la r\u00e9paration et l'installation de structures de bois \u00e0 Gatineau, en Outaouais\",\"breadcrumb\":{\"@id\":\"https:\/\/www.entreprisesmarechal.com\/fr\/amenagement-paysager-residentiel\/bois-composite-et-charpente\/#breadcrumb\"},\"inLanguage\":\"fr-FR\",\"potentialAction\":[{\"@type\":\"ReadAction\",\"target\":[\"https:\/\/www.entreprisesmarechal.com\/fr\/amenagement-paysager-residentiel\/bois-composite-et-charpente\/\"]}]},{\"@type\":\"BreadcrumbList\",\"@id\":\"https:\/\/www.entreprisesmarechal.com\/fr\/amenagement-paysager-residentiel\/bois-composite-et-charpente\/#breadcrumb\",\"itemListElement\":[{\"@type\":\"ListItem\",\"position\":1,\"name\":\"Accueil\",\"item\":\"https:\/\/www.entreprisesmarechal.com\/fr\/\"},{\"@type\":\"ListItem\",\"position\":2,\"name\":\"Am\u00e9nagement paysager r\u00e9sidentiel\",\"item\":\"https:\/\/www.entreprisesmarechal.com\/fr\/amenagement-paysager-residentiel\/\"},{\"@type\":\"ListItem\",\"position\":3,\"name\":\"Bois, composite et charpente\"}]},{\"@type\":\"WebSite\",\"@id\":\"https:\/\/www.entreprisesmarechal.com\/fr\/#website\",\"url\":\"https:\/\/www.entreprisesmarechal.com\/fr\/\",\"name\":\"Les Entreprises Mar\u00e9chal et associ\u00e9s\",\"description\":\"\",\"potentialAction\":[{\"@type\":\"SearchAction\",\"target\":{\"@type\":\"EntryPoint\",\"urlTemplate\":\"https:\/\/www.entreprisesmarechal.com\/fr\/?s={search_term_string}\"},\"query-input\":\"required name=search_term_string\"}],\"inLanguage\":\"fr-FR\"}]}<\/script>\n<!-- \/ Yoast SEO plugin. -->","yoast_head_json":{"title":"Les Entreprises Mar\u00e9chal et associ\u00e9s | Bois et charpente pour votre am\u00e9nagement paysager \u00e0 Gatineau, Outaouais","description":"Les Entreprises Mar\u00e9chal et associ\u00e9s | Nos charpentiers ont la solution pour la construction, la r\u00e9paration et l'installation de structures de bois \u00e0 Gatineau, en Outaouais","robots":{"index":"index","follow":"follow","max-snippet":"max-snippet:-1","max-image-preview":"max-image-preview:large","max-video-preview":"max-video-preview:-1"},"canonical":"https:\/\/www.entreprisesmarechal.com\/fr\/amenagement-paysager-residentiel\/bois-composite-et-charpente\/","og_locale":"fr_FR","og_type":"article","og_title":"Les Entreprises Mar\u00e9chal et associ\u00e9s | Bois et charpente pour votre am\u00e9nagement paysager \u00e0 Gatineau, Outaouais","og_description":"Les Entreprises Mar\u00e9chal et associ\u00e9s | Nos charpentiers ont la solution pour la construction, la r\u00e9paration et l'installation de structures de bois \u00e0 Gatineau, en Outaouais","og_url":"https:\/\/www.entreprisesmarechal.com\/fr\/amenagement-paysager-residentiel\/bois-composite-et-charpente\/","og_site_name":"Les Entreprises Mar\u00e9chal et associ\u00e9s","article_modified_time":"2026-04-28T19:24:25+00:00","og_image":[{"width":1260,"height":840,"url":"https:\/\/www.entreprisesmarechal.com\/wp-content\/uploads\/2018\/03\/media-5.jpg","type":"image\/jpeg"}],"twitter_card":"summary_large_image","twitter_misc":{"Dur\u00e9e de lecture estim\u00e9e":"1 minute"},"schema":{"@context":"https:\/\/schema.org","@graph":[{"@type":"WebPage","@id":"https:\/\/www.entreprisesmarechal.com\/fr\/amenagement-paysager-residentiel\/bois-composite-et-charpente\/","url":"https:\/\/www.entreprisesmarechal.com\/fr\/amenagement-paysager-residentiel\/bois-composite-et-charpente\/","name":"Les Entreprises Mar\u00e9chal et associ\u00e9s | Bois et charpente pour votre am\u00e9nagement paysager \u00e0 Gatineau, Outaouais","isPartOf":{"@id":"https:\/\/www.entreprisesmarechal.com\/fr\/#website"},"datePublished":"2018-03-23T13:18:56+00:00","dateModified":"2026-04-28T19:24:25+00:00","description":"Les Entreprises Mar\u00e9chal et associ\u00e9s | Nos charpentiers ont la solution pour la construction, la r\u00e9paration et l'installation de structures de bois \u00e0 Gatineau, en Outaouais","breadcrumb":{"@id":"https:\/\/www.entreprisesmarechal.com\/fr\/amenagement-paysager-residentiel\/bois-composite-et-charpente\/#breadcrumb"},"inLanguage":"fr-FR","potentialAction":[{"@type":"ReadAction","target":["https:\/\/www.entreprisesmarechal.com\/fr\/amenagement-paysager-residentiel\/bois-composite-et-charpente\/"]}]},{"@type":"BreadcrumbList","@id":"https:\/\/www.entreprisesmarechal.com\/fr\/amenagement-paysager-residentiel\/bois-composite-et-charpente\/#breadcrumb","itemListElement":[{"@type":"ListItem","position":1,"name":"Accueil","item":"https:\/\/www.entreprisesmarechal.com\/fr\/"},{"@type":"ListItem","position":2,"name":"Am\u00e9nagement paysager r\u00e9sidentiel","item":"https:\/\/www.entreprisesmarechal.com\/fr\/amenagement-paysager-residentiel\/"},{"@type":"ListItem","position":3,"name":"Bois, composite et charpente"}]},{"@type":"WebSite","@id":"https:\/\/www.entreprisesmarechal.com\/fr\/#website","url":"https:\/\/www.entreprisesmarechal.com\/fr\/","name":"Les Entreprises Mar\u00e9chal et associ\u00e9s","description":"","potentialAction":[{"@type":"SearchAction","target":{"@type":"EntryPoint","urlTemplate":"https:\/\/www.entreprisesmarechal.com\/fr\/?s={search_term_string}"},"query-input":"required name=search_term_string"}],"inLanguage":"fr-FR"}]}},"_links":{"self":[{"href":"https:\/\/www.entreprisesmarechal.com\/fr\/wp-json\/wp\/v2\/pages\/7036"}],"collection":[{"href":"https:\/\/www.entreprisesmarechal.com\/fr\/wp-json\/wp\/v2\/pages"}],"about":[{"href":"https:\/\/www.entreprisesmarechal.com\/fr\/wp-json\/wp\/v2\/types\/page"}],"author":[{"embeddable":true,"href":"https:\/\/www.entreprisesmarechal.com\/fr\/wp-json\/wp\/v2\/users\/1"}],"replies":[{"embeddable":true,"href":"https:\/\/www.entreprisesmarechal.com\/fr\/wp-json\/wp\/v2\/comments?post=7036"}],"version-history":[{"count":6,"href":"https:\/\/www.entreprisesmarechal.com\/fr\/wp-json\/wp\/v2\/pages\/7036\/revisions"}],"predecessor-version":[{"id":10151,"href":"https:\/\/www.entreprisesmarechal.com\/fr\/wp-json\/wp\/v2\/pages\/7036\/revisions\/10151"}],"up":[{"embeddable":true,"href":"https:\/\/www.entreprisesmarechal.com\/fr\/wp-json\/wp\/v2\/pages\/6827"}],"wp:featuredmedia":[{"embeddable":true,"href":"https:\/\/www.entreprisesmarechal.com\/fr\/wp-json\/wp\/v2\/media\/9559"}],"wp:attachment":[{"href":"https:\/\/www.entreprisesmarechal.com\/fr\/wp-json\/wp\/v2\/media?parent=7036"}],"curies":[{"name":"wp","href":"https:\/\/api.w.org\/{rel}","templated":true}]}}

<div id="pl-7036"  class="panel-layout" ><div id="pg-7036-0"  class="panel-grid panel-has-style" ><div class="black-bg siteorigin-panels-stretch panel-row-style panel-row-style-for-7036-0" data-stretch-type="full" ><div id="pgc-7036-0-0"  class="panel-grid-cell" ><div id="panel-7036-0-0-0" class="so-panel widget widget_siteorigin-panels-builder panel-first-child panel-last-child" data-index="0" ><div class="white-bg panel-widget-style panel-widget-style-for-7036-0-0-0" ><div id="pl-w69f1096959a0f"  class="panel-layout" ><div id="pg-w69f1096959a0f-0"  class="panel-grid panel-has-style" ><div class="white-bg panel-row-style panel-row-style-for-w69f1096959a0f-0" ><div id="pgc-w69f1096959a0f-0-0"  class="panel-grid-cell" ><div id="panel-w69f1096959a0f-0-0-0" class="so-panel widget widget_black-studio-tinymce widget_black_studio_tinymce panel-first-child panel-last-child" data-index="0" ><div class="textwidget"><div class="addthis_inline_share_toolbox"></div>
<h2>Bois, composite et charpente</h2>
<p>Nous avons également une équipe de charpentiers qualifiés prêts à construire ou réparer vos structures faites de bois. Ces professionnels travaillent aisément plusieurs types de bois et utilisent également des matériaux tendance tel que le composite : Trex et Timbertech. Nous sommes d'ailleurs formés et accrédités pour l'installation de composite.
Nous offrons la construction, la réparation et l’installation de clôtures, de gazebos, de pergolas, de patios, tous personnalisés selon votre imagination.</p>
<a href='https://www.entreprisesmarechal.com/fr/soumission-en-ligne/?service=7036' class='btn btn-primary'>Obtenez une soumission ></a></div></div></div><div id="pgc-w69f1096959a0f-0-1"  class="panel-grid-cell" ><div id="panel-w69f1096959a0f-0-1-0" class="so-panel widget widget_black-studio-tinymce widget_black_studio_tinymce panel-first-child panel-last-child" data-index="1" ><div class="black-border panel-widget-style panel-widget-style-for-w69f1096959a0f-0-1-0" ><div class="textwidget"><img loading="lazy" decoding="async" width="848" height="480" src="https://www.entreprisesmarechal.com/wp-content/uploads/2018/03/media-5-848x480.jpg" class="attachment-post-thumbnail size-post-thumbnail wp-post-image" alt="" srcset="https://www.entreprisesmarechal.com/wp-content/uploads/2018/03/media-5-848x480.jpg 848w, https://www.entreprisesmarechal.com/wp-content/uploads/2018/03/media-5-360x203.jpg 360w" sizes="(max-width: 848px) 100vw, 848px" /></div></div></div></div></div></div></div></div></div></div></div></div></div>

<p>Bois, composite et charpente Nous avons également une équipe de charpentiers qualifiés prêts à construire ou réparer vos structures faites de bois. Ces professionnels travaillent aisément plusieurs types de bois et utilisent également des matériaux tendance tel que le composite : Trex et Timbertech. Nous sommes d&rsquo;ailleurs formés et accrédités pour l&rsquo;installation de composite. Nous [&hellip;]</p>

<!-- This site is optimized with the Yoast SEO plugin v21.5 - https://yoast.com/wordpress/plugins/seo/ -->
<title>Les Entreprises Maréchal et associés | Bois et charpente pour votre aménagement paysager à Gatineau, Outaouais</title>
<meta name="description" content="Les Entreprises Maréchal et associés | Nos charpentiers ont la solution pour la construction, la réparation et l&#039;installation de structures de bois à Gatineau, en Outaouais" />
<meta name="robots" content="index, follow, max-snippet:-1, max-image-preview:large, max-video-preview:-1" />
<link rel="canonical" href="https://www.entreprisesmarechal.com/fr/amenagement-paysager-residentiel/bois-composite-et-charpente/" />
<meta property="og:locale" content="fr_FR" />
<meta property="og:type" content="article" />
<meta property="og:title" content="Les Entreprises Maréchal et associés | Bois et charpente pour votre aménagement paysager à Gatineau, Outaouais" />
<meta property="og:description" content="Les Entreprises Maréchal et associés | Nos charpentiers ont la solution pour la construction, la réparation et l&#039;installation de structures de bois à Gatineau, en Outaouais" />
<meta property="og:url" content="https://www.entreprisesmarechal.com/fr/amenagement-paysager-residentiel/bois-composite-et-charpente/" />
<meta property="og:site_name" content="Les Entreprises Maréchal et associés" />
<meta property="article:modified_time" content="2026-04-28T19:24:25+00:00" />
<meta property="og:image" content="https://www.entreprisesmarechal.com/wp-content/uploads/2018/03/media-5.jpg" />
	<meta property="og:image:width" content="1260" />
	<meta property="og:image:height" content="840" />
	<meta property="og:image:type" content="image/jpeg" />
<meta name="twitter:card" content="summary_large_image" />
<meta name="twitter:label1" content="Durée de lecture estimée" />
	<meta name="twitter:data1" content="1 minute" />
<script type="application/ld+json" class="yoast-schema-graph">{"@context":"https://schema.org","@graph":[{"@type":"WebPage","@id":"https://www.entreprisesmarechal.com/fr/amenagement-paysager-residentiel/bois-composite-et-charpente/","url":"https://www.entreprisesmarechal.com/fr/amenagement-paysager-residentiel/bois-composite-et-charpente/","name":"Les Entreprises Maréchal et associés | Bois et charpente pour votre aménagement paysager à Gatineau, Outaouais","isPartOf":{"@id":"https://www.entreprisesmarechal.com/fr/#website"},"datePublished":"2018-03-23T13:18:56+00:00","dateModified":"2026-04-28T19:24:25+00:00","description":"Les Entreprises Maréchal et associés | Nos charpentiers ont la solution pour la construction, la réparation et l'installation de structures de bois à Gatineau, en Outaouais","breadcrumb":{"@id":"https://www.entreprisesmarechal.com/fr/amenagement-paysager-residentiel/bois-composite-et-charpente/#breadcrumb"},"inLanguage":"fr-FR","potentialAction":[{"@type":"ReadAction","target":["https://www.entreprisesmarechal.com/fr/amenagement-paysager-residentiel/bois-composite-et-charpente/"]}]},{"@type":"BreadcrumbList","@id":"https://www.entreprisesmarechal.com/fr/amenagement-paysager-residentiel/bois-composite-et-charpente/#breadcrumb","itemListElement":[{"@type":"ListItem","position":1,"name":"Accueil","item":"https://www.entreprisesmarechal.com/fr/"},{"@type":"ListItem","position":2,"name":"Aménagement paysager résidentiel","item":"https://www.entreprisesmarechal.com/fr/amenagement-paysager-residentiel/"},{"@type":"ListItem","position":3,"name":"Bois, composite et charpente"}]},{"@type":"WebSite","@id":"https://www.entreprisesmarechal.com/fr/#website","url":"https://www.entreprisesmarechal.com/fr/","name":"Les Entreprises Maréchal et associés","description":"","potentialAction":[{"@type":"SearchAction","target":{"@type":"EntryPoint","urlTemplate":"https://www.entreprisesmarechal.com/fr/?s={search_term_string}"},"query-input":"required name=search_term_string"}],"inLanguage":"fr-FR"}]}</script>
<!-- / Yoast SEO plugin. -->

Les Entreprises Maréchal et associés | Bois et charpente pour votre aménagement paysager à Gatineau, Outaouais

Les Entreprises Maréchal et associés | Nos charpentiers ont la solution pour la construction, la réparation et l'installation de structures de bois à Gatineau, en Outaouais

Les Entreprises Maréchal et associés

Aménagement paysager résidentiel
